{"id":30,"date":"2022-06-02T13:16:42","date_gmt":"2022-06-02T11:16:42","guid":{"rendered":"http:\/\/www.aikido-gignaclanerthe.com\/?page_id=30"},"modified":"2022-06-02T13:16:42","modified_gmt":"2022-06-02T11:16:42","slug":"liens-contacts","status":"publish","type":"page","link":"https:\/\/www.aikido-gignaclanerthe.com\/?page_id=30","title":{"rendered":"Liens &#038; Contacts"},"content":{"rendered":"<p><strong>Liens f\u00e9d\u00e9raux<br \/>\n<\/strong><\/p>\n<p><a href=\"http:\/\/www.ffabaikido.fr\/fr\/\" target=\"_blank\" rel=\"noopener\">FFAB &#8211; Site Officiel<\/a><br \/>\n<a title=\"FFAB - Ecole Nationnale d'Aikido\" href=\"http:\/\/www.ena-aikido.com\/\" target=\"_blank\" rel=\"noopener\">FFAB &#8211; Ecole Nationale d&rsquo;A\u00efkido<\/a><br \/>\n<a href=\"https:\/\/www.aikidoprovence.com\/\" target=\"_blank\" rel=\"noopener\">FFAB &#8211; Comit\u00e9 interd\u00e9partemental de provence<\/a><\/p>\n<p><strong>Contact club<\/strong><\/p>\n<p>Professeur cours Adultes<br \/>\n06 88 78 02 93<\/p>\n<p>Administrateur du site<br \/>\nCliquez <span style=\"text-decoration: underline;\"><a href=\"mailto:julienaikido@gmail.com\">ici<\/a><\/span><\/p>\n","protected":false},"excerpt":{"rendered":"<p>Liens f\u00e9d\u00e9raux FFAB &#8211; Site Officiel FFAB &#8211; Ecole Nationale d&rsquo;A\u00efkido FFAB &#8211; Comit\u00e9 interd\u00e9partemental de provence Contact club Professeur cours Adultes 06 88 78 02 93 Administrateur du site Cliquez ici<\/p>\n","protected":false},"author":1,"featured_media":0,"parent":0,"menu_order":3,"comment_status":"closed","ping_status":"closed","template":"","meta":[],"_links":{"self":[{"href":"https:\/\/www.aikido-gignaclanerthe.com\/index.php?rest_route=\/wp\/v2\/pages\/30"}],"collection":[{"href":"https:\/\/www.aikido-gignaclanerthe.com\/index.php?rest_route=\/wp\/v2\/pages"}],"about":[{"href":"https:\/\/www.aikido-gignaclanerthe.com\/index.php?rest_route=\/wp\/v2\/types\/page"}],"author":[{"embeddable":true,"href":"https:\/\/www.aikido-gignaclanerthe.com\/index.php?rest_route=\/wp\/v2\/users\/1"}],"replies":[{"embeddable":true,"href":"https:\/\/www.aikido-gignaclanerthe.com\/index.php?rest_route=%2Fwp%2Fv2%2Fcomments&post=30"}],"version-history":[{"count":18,"href":"https:\/\/www.aikido-gignaclanerthe.com\/index.php?rest_route=\/wp\/v2\/pages\/30\/revisions"}],"predecessor-version":[{"id":739,"href":"https:\/\/www.aikido-gignaclanerthe.com\/index.php?rest_route=\/wp\/v2\/pages\/30\/revisions\/739"}],"wp:attachment":[{"href":"https:\/\/www.aikido-gignaclanerthe.com\/index.php?rest_route=%2Fwp%2Fv2%2Fmedia&parent=30"}],"curies":[{"name":"wp","href":"https:\/\/api.w.org\/{rel}","templated":true}]}}